{"id":2730,"date":"2019-11-12T18:06:19","date_gmt":"2019-11-12T17:06:19","guid":{"rendered":"http:\/\/bonjourlemonde.eu\/?page_id=2730"},"modified":"2020-04-07T22:21:42","modified_gmt":"2020-04-07T20:21:42","slug":"videos","status":"publish","type":"page","link":"https:\/\/bonjourlemonde.eu\/?page_id=2730","title":{"rendered":"Vid\u00e9os"},"content":{"rendered":"\n<h2><strong>L&#8217;Oc\u00e9anie<\/strong> <\/h2>\n\n\n\n<h4 class=\"has-luminous-vivid-orange-color has-text-color\"><em>Avril 2018 \u00e0 f\u00e9vrier 2019<\/em><\/h4>\n\n\n<p>Notre voyage de 345 jours en Oc\u00e9anie r\u00e9sum\u00e9 en 6 minutes : <strong>Nouvelle Z\u00e9lande, Polyn\u00e9sie Fran\u00e7aise, Nouvelle Cal\u00e9donie et Australie.<\/strong><\/p>\n<p><iframe loading=\"lazy\" title=\"ROAD TRIP OCEANIA [Illenium - Crashing]\" width=\"1194\" height=\"672\" src=\"https:\/\/www.youtube.com\/embed\/0N76j7J48hU?feature=oembed\" frameborder=\"0\" allow=\"accelerometer; autoplay; encrypted-media; gyroscope; picture-in-picture\" allowfullscreen><\/iframe><\/p>\n<p>\u00a0<\/p>\n\n\n<hr class=\"wp-block-separator is-style-default\"\/>\n\n\n\n<h2><strong>Les Olympiades d&#8217;Artigus<\/strong><\/h2>\n\n\n\n<h4 class=\"has-luminous-vivid-orange-color has-text-color\"><em>Aout 2019<\/em><\/h4>\n\n\n\n<p>Pas de voyage \u00e0 travers le monde cette fois-ci, juste une vid\u00e9o d&#8217;une grosse soir\u00e9e entre ami(e)s. Entre beer-pong, battle-shot, ventriglisse&#8230; La f\u00eate bas son plein ! <\/p>\n\n\n\n<figure class=\"wp-block-embed-youtube wp-block-embed is-type-video is-provider-youtube wp-embed-aspect-16-9 wp-has-aspect-ratio\"><div class=\"wp-block-embed__wrapper\">\n<iframe loading=\"lazy\" title=\"Olympiade d&#039;Artigus - Summer party\" width=\"1194\" height=\"672\" src=\"https:\/\/www.youtube.com\/embed\/uvjxEwatrCw?feature=oembed\" frameborder=\"0\" allow=\"accelerometer; autoplay; encrypted-media; gyroscope; picture-in-picture\" allowfullscreen><\/iframe>\n<\/div><\/figure>\n\n\n\n<hr class=\"wp-block-separator\"\/>\n\n\n\n<h2><strong>Summer Holiday<\/strong><\/h2>\n\n\n\n<h4 class=\"has-luminous-vivid-orange-color has-text-color\"><em>\u00c9t\u00e9 2012 \u00e0 2017<\/em><\/h4>\n\n\n\n<p>Fragments de souvenirs entre ami(e)s durant plusieurs \u00e9t\u00e9s. <\/p>\n\n\n\n<figure class=\"wp-block-embed-youtube wp-block-embed is-type-video is-provider-youtube wp-embed-aspect-16-9 wp-has-aspect-ratio\"><div class=\"wp-block-embed__wrapper\">\n<iframe loading=\"lazy\" title=\"Summer Holidays with friends\" width=\"1194\" height=\"672\" src=\"https:\/\/www.youtube.com\/embed\/CxOcF5gQXR4?feature=oembed\" frameborder=\"0\" allow=\"accelerometer; autoplay; encrypted-media; gyroscope; picture-in-picture\" allowfullscreen><\/iframe>\n<\/div><\/figure>\n\n\n\n<hr class=\"wp-block-separator\"\/>\n\n\n\n<h2><strong>Costa Brava &#8211; Espagne <\/strong><\/h2>\n\n\n\n<h4 class=\"has-luminous-vivid-orange-color has-text-color\"><em>Mai 2017<\/em><\/h4>\n\n\n\n<p>Notre petit s\u00e9jour  sur la Costa Brava : Roses &#8211; Cadaques &#8211; Cap de Creus &#8211; Mus\u00e9e de Dali (Figueres). <\/p>\n\n\n\n<figure class=\"wp-block-embed-youtube wp-block-embed is-type-video is-provider-youtube wp-embed-aspect-16-9 wp-has-aspect-ratio\"><div class=\"wp-block-embed__wrapper\">\n<iframe loading=\"lazy\" title=\"Costa Brava - mai 2017\" width=\"1194\" height=\"672\" src=\"https:\/\/www.youtube.com\/embed\/obgt2OuFsAo?feature=oembed\" frameborder=\"0\" allow=\"accelerometer; autoplay; encrypted-media; gyroscope; picture-in-picture\" allowfullscreen><\/iframe>\n<\/div><\/figure>\n","protected":false},"excerpt":{"rendered":"<p>L&#8217;Oc\u00e9anie Avril 2018 \u00e0 f\u00e9vrier 2019 Notre voyage de 345 jours en Oc\u00e9anie r\u00e9sum\u00e9 en 6 minutes : Nouvelle Z\u00e9lande, Polyn\u00e9sie Fran\u00e7aise, Nouvelle Cal\u00e9donie et Australie. \u00a0 Les Olympiades d&#8217;Artigus Aout 2019 Pas de voyage \u00e0 travers le monde cette fois-ci, juste une vid\u00e9o d&#8217;une grosse soir\u00e9e entre ami(e)s. Entre beer-pong, battle-shot, ventriglisse&#8230; La f\u00eate [&hellip;]<\/p>\n","protected":false},"author":1,"featured_media":0,"parent":0,"menu_order":0,"comment_status":"closed","ping_status":"closed","template":"","meta":[],"_links":{"self":[{"href":"https:\/\/bonjourlemonde.eu\/index.php?rest_route=\/wp\/v2\/pages\/2730"}],"collection":[{"href":"https:\/\/bonjourlemonde.eu\/index.php?rest_route=\/wp\/v2\/pages"}],"about":[{"href":"https:\/\/bonjourlemonde.eu\/index.php?rest_route=\/wp\/v2\/types\/page"}],"author":[{"embeddable":true,"href":"https:\/\/bonjourlemonde.eu\/index.php?rest_route=\/wp\/v2\/users\/1"}],"replies":[{"embeddable":true,"href":"https:\/\/bonjourlemonde.eu\/index.php?rest_route=%2Fwp%2Fv2%2Fcomments&post=2730"}],"version-history":[{"count":5,"href":"https:\/\/bonjourlemonde.eu\/index.php?rest_route=\/wp\/v2\/pages\/2730\/revisions"}],"predecessor-version":[{"id":3308,"href":"https:\/\/bonjourlemonde.eu\/index.php?rest_route=\/wp\/v2\/pages\/2730\/revisions\/3308"}],"wp:attachment":[{"href":"https:\/\/bonjourlemonde.eu\/index.php?rest_route=%2Fwp%2Fv2%2Fmedia&parent=2730"}],"curies":[{"name":"wp","href":"https:\/\/api.w.org\/{rel}","templated":true}]}}